 558 is divided by 43442/464 - 3/(-8)?
88
Let r = 109 + -52. What is the remainder when 106 is divided by r?
49
Let h(l) = l**2 - 21*l - 98. Calculate the remainder when h(27) is divided by 25.
14
Let m = 7169 + -4379. What is the remainder when ((-4)/12)/((-3)/m*2) is divided by 26?
25
Let z be ((-85)/20)/(3/(-12)). Suppose -3*s - a + z = 2*s, -3*s + 11 = a. Suppose 18 = 2*f - 6. Calculate the remainder when f is divided by s.
0
Let j = 231 + -113. What is the remainder when j is divided by 37?
7
What is the remainder when (3 - -2 - (-50)/(-5))*-106 is divided by 28?
26
Suppose 2*h + 2*o - 4 = 0, 0*o - 1 = -3*h - 4*o. Calculate the remainder when (-1 - h)/(10/(-85)) is divided by 23.
22
Suppose 7*q - 11*q + 60 = 0. Let h = 17 - q. Suppose -h*b = 5*s - 167, -24 = 2*b + 2*s - 182. Calculate the remainder when b is divided by 26.
24
Let s = -207 - -383. Calculate the remainder when s is divided by 45.
41
Let o(i) = 11*i**2 + 3*i + 2. What is the remainder when o(-2) is divided by 10/1 + 1 - -4?
10
Let z(c) = -c**3 - 4*c**2 + 3. Let u be z(-4). Suppose 60 = u*n + 3*n. Calculate the remainder when 37 is divided by n.
7
Suppose 6 = 8*j - 11*j, -u + 2*j + 272 = 0. What is the remainder when u is divided by 27?
25
Let v = -17 - -20. Suppose -3*w + u + 107 = -125, 2*u - 238 = -v*w. Calculate the remainder when w is divided by 27.
24
Suppose 35*q - 23*q - 108 = 0. Calculate the remainder when 40 is divided by q.
4
Let a be (-10 - 0)*22/(-5). Let k = a - 23. What is the remainder when 83 is divided by k?
20
Suppose -43 = t - 2*t - 3*s, 0 = -5*s - 15. Calculate the remainder when t is divided by 14.
10
What is the remainder when ((-2392)/(-12))/(24/9 - 2) is divided by 61?
55
Let z be (1 + 14)*(0 - -1). Suppose -4*n = -z*n + 693. What is the remainder when n is divided by 16?
15
Let o(u) = -u**3 + 10*u**2 + 24*u + 1. Calculate the remainder when o(11) is divided by 9.
0
Let c be (-171)/3*(-3)/(-9). Let p = c - -33. Suppose 0 = -0*z + 5*z - 20. What is the remainder when p is divided by z?
2
Let a = -48 + 895. What is the remainder when a is divided by 106?
105
Let k be (-1)/(3 - (-7)/(-2)). Suppose 0*p + 5*t + 30 = 5*p, 0 = t - 5. What is the remainder when p is divided by (-700)/(-125) - k/(-5)?
5
Let a be 1/((1 - 0)/3). Suppose -a*v + 328 = v. What is the remainder when v is divided by 17?
14
Let i(f) = -f**2 - 28*f - 51. What is the remainder when i(-5) is divided by 14?
8
Suppose 3*f = 2*y - 0*f - 18, 0 = -4*y - f + 8. Suppose -61 + 196 = y*j. Calculate the remainder when 179 is divided by j.
44
Let j(l) = -l**2 + 2*l + 10. Let y be j(3). Suppose y*w + 5*w - 96 = 0. What is the remainder when 19 is divided by w?
3
What is the remainder when 577 is divided by (0 + -2)/(-4 - (-2310)/581)?
79
Let w(n) = -n**2 - 5*n + 48. Calculate the remainder when 43 is divided by w(-9).
7
Let q = -16 + 26. Let y be (7 - q) + (-158)/(-2). Suppose 2*w - 4 = 0, 4*v - 5*w + 10 = y. Calculate the remainder when v is divided by 10.
9
Suppose -14 - 784 = -6*b. What is the remainder when b is divided by 41?
10
Let d be (57/4 + 4/16)*2. Calculate the remainder when d + (-3 - 4/(-1)) is divided by 5.
0
Let f(n) = 5*n**3 - n**2 + n - 1. Let l be f(1). Suppose -33 = -2*u - j, 3*u - u + l*j = 36. What is the remainder when 3 is divided by (-32)/(-18) - u/(-72)?
1
Suppose -10*k - 78 = -188. Let s = -2 - -5. Suppose -111 = -s*i + 5*d, -3*i + 3*d - 19 = -124. Calculate the remainder when i is divided by k.
10
Let f = -1 + 1. Suppose -5*r + 4*r + 23 = f. Let j(s) = s - 2. Calculate the remainder when r is divided by j(10).
7
Let q be 144/66 - (-6)/(-33). What is the remainder when 74 is divided by (-30)/(q + (2 - 6))?
14
Let w(d) = -d**3 - 4*d**2 - 3*d + 3. Let n be w(-3). Suppose -2*o = -o - n. What is the remainder when o is divided by 3?
0
Suppose 2*v - 50 = -3*i, 6 - 31 = -v + 2*i. Calculate the remainder when 82 is divided by v.
7
Suppose h = 3*h. Suppose h = 2*a - 4*g - 14, -2*a - 2*a + 2*g = -52. What is the remainder when 74 is divided by a?
14
Suppose -8*m + 64 = -4*m. What is the remainder when 94 is divided by m?
14
Let c(d) = 3*d + 239. Calculate the remainder when c(-14) is divided by 33.
32
Suppose -4*k + 92 = -28. Let t be (1 - 16) + -2*1. Let s = t - -28. What is the remainder when k is divided by s?
8
Let u(f) = -f**3 - f**2 - 6*f - 37. What is the remainder when u(-9) is divided by 37?
36
Suppose -375 = -10*y - 105. Calculate the remainder when 104 is divided by y.
23
What is the remainder when 545 is divided by (-12)/18*(-276)/8?
16
Let u(o) = o**3 - o**2 - 6*o + 25. What is the remainder when u(3) is divided by 22?
3
Let j = -41 - -275. What is the remainder when j is divided by 47?
46
Suppose -2*h + l + 2 = 2*h, -3*l - 6 = -2*h. What is the remainder when (1 - h) + 30/2*1 is divided by 10?
6
Let a(m) = m**3 + 11*m**2 - 12*m + 4. Let f be a(-12). Let j(x) = -x**2 - 12*x - 5. Let b be j(-5). Calculate the remainder when 19 is divided by 4/3*b/f.
9
Let l(w) = -11*w - 43. What is the remainder when l(-19) is divided by 13?
10
Suppose q + 54 = -5*p + 694, 5*p - 2*q = 625. What is the remainder when p is divided by 23?
12
Let u be (1 - 10/(-5)) + -3. Calculate the remainder when 83 is divided by (-126)/(-3) - u/(-2).
41
Suppose 2*a = -132 + 578. Suppose 0 = 3*g + 4*u - 162, -2*u = 4*g - a + 17. Let c(o) = 2*o**2 - 5*o + 5. Calculate the remainder when g is divided by c(4).
16
Let w = -782 - -799. Calculate the remainder when 830 is divided by w.
14
Let p(o) = o**3 + 6*o**2 - o + 3. Let t be p(-6). Let s be 3/t*(4 - -1463). Suppose -9*a + 87 = -s. Calculate the remainder when a is divided by 23.
18
Let a(o) = 6*o - 10. Let b be a(-10). What is the remainder when (63/15)/((-7)/b) is divided by 25?
17
Calculate the remainder when -2*(-20)/70 + 11884/28 is divided by 142.
141
Let w(g) = -36*g**3 + 4*g**2 - 7*g - 22. Calculate the remainder when w(-2) is divided by 76.
68
What is the remainder when 1*(5 - (-14 - 4)) is divided by 17?
6
Suppose 4*z + 77 = 5*s, 5*s + z - 23 = 3*s. What is the remainder when 41 is divided by s?
2
Let d = 171 - 143. What is the remainder when 137 is divided by d?
25
Let p be 68 - (1*4 - 16/8). Suppose -5*z + 2*z + p = 0. What is the remainder when z is divided by 10?
2
Suppose u + 19 = z + 3, -67 = -2*z - 5*u. What is the remainder when 1300 is divided by z?
19
Let a(n) = -4*n + 13. Let z be 3*(-1 - 15/(-9)). Suppose -3*x - z*x + 240 = 0. Calculate the remainder when x is divided by a(-1).
14
Let x(t) = 44*t - 2. Let f be x(5). Suppose 10*b - 37 - 13 = 0. Suppose -f = -b*a + 182. What is the remainder when a is divided by 28?
24
Let d(l) = -70*l + 2. Let s be d(-1). Suppose -3*b - 15 + s = 0. Let h = b - 6. Calculate the remainder when h is divided by 7.
6
Let u be (-8)/((-3 - 1) + 3). Let x = -2 - -2. Suppose x = u*c - 3*c - 2*r - 50, -r - 10 = -c. Calculate the remainder when 38 is divided by c.
8
Suppose -10*x + 44 + 36 = 0. Calculate the remainder when 23 is divided by x.
7
Let l(g) = 4*g**2 + 8*g - 2. Let w be (-310)/50 - (-2)/10. Calculate the remainder when l(w) is divided by 24.
22
Let d = 0 + 17. Suppose -67 = 70*u - 417. Calculate the remainder when d is divided by u.
2
Let w(g) = 2*g**2 - 10*g + 5. Let m be w(7). Suppose 357 - 1735 = 26*d. Let i = m - d. What is the remainder when i is divided by 22?
20
Suppose 0 = -k + 9*k - 808. Let i(j) = -33*j**2. Let z be i(-1). Let f = z - -59. Calculate the remainder when k is divided by f.
23
Let s = -261 + 293. Calculate the remainder when 88 is divided by s.
24
Let i(p) = -70*p**3 + 11*p**2 + 25*p - 3. Calculate the remainder when i(-2) is divided by 63.
47
Let m be 5/((-10)/6)*-1. Let d = 2 - m. Let c(u) = -72*u**3 + 2*u**2 + 2*u + 1. Calculate the remainder when c(d) is divided by 19.
16
Let z(u) = 108*u**3 - 16*u + 15. Calculate the remainder when z(1) is divided by 44.
19
Let c(s) = 2*s**2 + 5*s - 3. Suppose -3*l - 53 = -5*f, 3*f = f + l + 21. What is the remainder when c(-6) is divided by f?
9
Suppose 0 = -3*z + z + 56. Suppose -5*f - 12 = -j + z, -3*j + 220 = 5*f. What is the remainder when j is divided by 17?
14
Let n = -9 - -20. Suppose 75*v - 16895 = -102*v + 22*v. What is the remainder when v is divided by n?
10
Let a = 21 - -30. Let q be ((-3)/2)/((-6)/20). Suppose q*v = 4*v